31*n - 5836. Give r(-24).
-4
Let a(w) = -w**3 + 126*w**2 + 121*w + 764. Determine a(127).
2
Let w(i) = i**3 + 44*i**2 + 35*i - 340. Determine w(-43).
4
Let s(x) = -20*x - 76. Give s(-2).
-36
Let x(d) = d**3 + 41*d**2 + 121*d + 1675. Determine x(-39).
-2
Let z(h) = 150*h + 4363. Determine z(-30).
-137
Let f(c) = -c**3 + 31*c**2 - 170*c + 5. What is f(7)?
-9
Let n(m) = -68*m**2 + 472*m + 13. Calculate n(7).
-15
Let r(j) = -j**3 + 11*j**2 + 79*j + 12. Determine r(16).
-4
Let o(u) = 2*u**2 + 63. What is o(-12)?
351
Let a(h) = -211*h + 6756. Give a(32).
4
Let r(v) = 5*v**2 - 3623*v + 10859. Calculate r(3).
35
Let q(s) = 66*s**3 - 336*s**2 + 31*s + 7. Calculate q(5).
12
Let f(q) = -116*q + 2430. What is f(21)?
-6
Let m(x) = 234*x**2 + 464*x - 12. Calculate m(-2).
-4
Let n(c) = 9*c**2 - 240*c + 237. Give n(1).
6
Let n(h) = -13*h + 126. What is n(12)?
-30
Let n(h) = -9*h**2 + 1713*h - 576. Determine n(190).
-6
Let g(w) = -w**2 + 66*w + 1277. Give g(83).
-134
Let f(k) = 5*k**2 + 38*k - 15. What is f(-9)?
48
Let o(z) = -2*z**3 - 36*z**2 + 49*z - 7. What is o(-19)?
-216
Let o(m) = m**3 - 55*m**2 + 100*m + 178. Give o(53).
-140
Let n(w) = -3*w**3 - 8*w**2 + 6*w + 24. Calculate n(-4).
64
Let n(j) = -62*j**2 + 219*j + 217. What is n(-1)?
-64
Let k(i) = 6*i + 139. Determine k(-24).
-5
Let g(u) = 4*u**2 - 376*u - 752. What is g(96)?
16
Let x(o) = -o**3 - 14*o**2 - 49*o - 51. What is x(-12)?
249
Let n(u) = 58*u - 127. Calculate n(4).
105
Let a(l) = 211*l - 843. Give a(4).
1
Let b(u) = -7*u**2 + 92*u + 16. Determine b(14).
-68
Let p(c) = -2*c**2 + 21*c + 4. What is p(-7)?
-241
Let w(c) = -466*c - 5136. Calculate w(-11).
-10
Let w(t) = -38*t - 734. What is w(-19)?
-12
Let d(w) = 5*w**2 + 40*w + 66. Calculate d(-4).
-14
Let w(r) = r**3 - 5*r**2 + 54*r + 7. What is w(7)?
483
Let r(c) = 2*c**3 + 3*c**2 - 7*c + 12. Calculate r(-4).
-40
Let u(q) = 183*q**2 - 913*q + 26. What is u(5)?
36
Let n(u) = 6*u**3 + 7*u**2 + u. What is n(-3)?
-102
Let b(d) = -d**3 + 427*d**2 + 2597*d. What is b(-6)?
6
Let d(v) = -5*v - 68. Determine d(-12).
-8
Let u(l) = -l**3 - l**2 + 45*l + 28. Determine u(-7).
7
Let q(i) = 2*i**2 - 313*i + 83. Determine q(156).
-73
Let j(h) = 70*h**2 + 15*h - 15. What is j(1)?
70
Let d(g) = -3*g**3 - 304*g**2 + 207*g + 296. What is d(-102)?
-10
Let t(z) = 584*z**2 - 6417*z - 76. What is t(11)?
1
Let v(l) = l**3 - 3*l**2 - 15*l + 6. Determine v(3).
-39
Let c(x) = -4*x**2 + 186*x + 90. Give c(47).
-4
Let n(i) = -21*i + 1319. What is n(63)?
-4
Let n(m) = -3*m**3 + 17*m**2 - 11*m + 9. Calculate n(5).
4
Let t(q) = 89*q + 593. What is t(-7)?
-30
Let m(j) = -4*j**3 - 853*j**2 + 652*j + 2142. Calculate m(-214).
2
Let j(d) = -5*d - 40. Calculate j(-19).
55
Let u(n) = n**2 - 39*n - 122. Calculate u(0).
-122
Let h(v) = v**3 + 94*v**2 - 710*v - 187. Calculate h(-101).
116
Let v(y) = y**3 - 4*y**2 - 8*y + 42. Determine v(6).
66
Let p(i) = i**3 - 52*i**2 + 627*i - 7. Determine p(19).
-7
Let n(f) = -15*f - 34. Determine n(-4).
26
Let a(o) = -165*o + 231. Determine a(-3).
726
Let r(l) = l**2 + 166*l - 1572. Calculate r(9).
3
Let z(o) = -32*o + 111. Give z(4).
-17
Let j(g) = 32*g - 47. Calculate j(1).
-15
Let r(w) = 14*w - 202. Give r(23).
120
Let v(q) = -51*q - 3812. What is v(-74)?
-38
Let s(n) = 66*n + 107. Determine s(-8).
-421
Let g(w) = -w**2 + 4*w + 71. Determine g(11).
-6
Let m(v) = 4*v**3 - 24*v**2 - 59*v + 8. Determine m(-3).
-139
Let k(f) = 4*f**3 + 55*f**2 - 9*f - 35. Determine k(-14).
-105
Let u(v) = 1816*v + 7278. Calculate u(-4).
14
Let v(d) = -137*d - 8873. Give v(-65).
32
Let l(x) = 18*x**2 - 157*x - 37. Calculate l(9).
8
Let p(v) = -v**2 + 736*v + 5199. Give p(-7).
-2
Let w(l) = 4*l**3 - 170*l**2 - 81*l - 437. Give w(43).
-222
Let d(i) = 69*i + 825. Calculate d(-12).
-3
Let n(c) = -61*c**3 - 4*c**2 + 9*c - 9. Calculate n(1).
-65
Let t(y) = -336*y + 2676. Give t(8).
-12
Let w(l) = -167*l - 1108. What is w(-8)?
228
Let i(s) = s**3 + 16*s**2 + 127*s + 1965. Calculate i(-16).
-67
Let t(g) = g**2 + 134*g - 62. What is t(0)?
-62
Let r(b) = 3*b**3 + 36*b**2 + 5*b - 42. Give r(-11).
266
Let y(t) = -20*t**2 - 197*t - 3. What is y(-10)?
-33
Let u(o) = -23*o - 13. Determine u(7).
-174
Let x(i) = i**3 + 134*i**2 - 269*i + 393. What is x(-136)?
-15
Let k(m) = -9*m**3 + 34*m**2 - 20*m + 106. Determine k(4).
-6
Let g(a) = -658*a - 22386. Determine g(-34).
-14
Let h(x) = -3*x**2 - 232*x + 1152. What is h(5)?
-83
Let g(t) = -74*t**2 + 5*t - 1. Give g(-3).
-682
Let v(d) = 2*d**2 - 6*d + 40. What is v(0)?
40
Let f(k) = -k**3 - 26*k**2 + 22*k - 3. What is f(-27)?
132
Let d(v) = 2*v**2 + 73*v. Calculate d(0).
0
Let m(r) = -227*r + 4913. Determine m(21).
146
Let o(v) = -178*v - 884. What is o(-5)?
6
Let m(x) = -3*x - 51. What is m(-21)?
12
Let t(k) = k**2 + 13*k + 33. What is t(-4)?
-3
Let x(m) = 2*m**3 - 6*m**2 - 142*m + 444. Determine x(3).
18
Let s(t) = -t**2 - 22*t + 359. Determine s(-39).
-304
Let c(b) = 96*b - 763. What is c(8)?
5
Let a(t) = 3744*t - 48662. What is a(13)?
10
Let x(c) = 3*c**2 - 107*c + 968. Determine x(17).
16
Let c(x) = -64*x + 1474. What is c(23)?
2
Let r(d) = 10*d**2 - 31*d - 176. Determine r(-7).
531
Let m(s) = 433*s - 4781. Determine m(11).
-18
Let i(d) = 6*d**2 + 53*d - 232. What is i(4)?
76
Let d(l) = -7*l - 42. Determine d(43).
-343
Let x(a) = 3*a**2 + 26*a - 223. Calculate x(7).
106
Let x(k) = 2*k**3 - 4*k**2 - 11*k + 5. Determine x(-2).
-5
Let x(o) = 1128*o + 168069. Give x(-149).
-3
Let m(g) = g**2 + 45*g + 522. What is m(-27)?
36
Let f(h) = -h**3 - 36*h**2 - 10*h - 1711. What is f(-37)?
28
Let u(c) = 675*c + 2628. Give u(-4).
-72
Let f(k) = -175*k**2 + 18*k + 38. Determine f(-2).
-698
Let c(q) = 2*q**3 + 151*q**2 - 1519*q - 18. Determine c(9).
0
Let b(j) = -189*j - 1789. Determine b(-10).
101
Let r(f) = -106*f + 2121. What is r(20)?
1
Let o(j) = -19*j**2 + 6*j + 46. Give o(3).
-107
Let k(q) = 1520*q + 9062. Give k(-6).
-58
Let j(s) = 6*s**2 + 114*s - 178. What is j(-21)?
74
Let q(n) = -2*n**2 - 396*n + 2910. Determine q(-205).
40
Let q(r) = r**2 - 45*r - 1889. What is q(75)?
361
Let p(r) = 7*r**2 + 1598*r + 4737. Determine p(-3).
6
Let d(l) = -l**3 - 101*l**2 - 1902*l - 152. What is d(-76)?
0
Let b(t) = -t**3 - 5*t**2 + 28*t + 11. Give b(-8).
-21
Let w(z) = -14*z - 166. Determine w(-9).
-40
Let h(w) = 78*w + 57. Give h(2).
213
Let z(b) = -3*b**2 - 82*b + 265. Determine z(3).
-8
Let n(i) = -614*i + 17210. What is n(28)?
18
Let n(k) = 3506*k + 38565. Give n(-11).
-1
Let x(w) = 540*w - 1819. Calculate x(3).
-199
Let p(v) = 38*v - 1189. Determine p(31).
-11
Let s(g) = 2*g**2 - 240*g + 1154. Calculate s(5).
4
Let v(r) = 79*r**2 - 867*r - 19. Give v(11).
3
Let g(q) = -19*q + 295. Determine g(16).
-9
Let h(l) = -4*l**2 + 130*l - 1041. Determine h(14).
-5
Let x(v) = 7*v - 234. What is x(28)?
-38
Let m(l) = 2*l**2 + 186*l - 383. Give m(-95).
-3
Let r(v) = v**2 + 448*v - 29901. Determine r(59).
12
Let t(n) = 4*n**2 + 36*n + 36. Determine t(-13).
244
Let i(o) = -234*o + 18484. Calculate i(79).
-2
Let n(l) = 7*l**2 + 128*l + 1005. Calculate n(-8).
429
Let v(o) = 6*o**2 - 12*o. What is v(1)?
-6
Let b(y) = -2*y**2 + 228*y - 4183. Determine b(23).
3
Let u(r) = -115*r + 116. What is u(1)?
1
Let z(o) = -1338*o - 33463. What is z(-25)?
-13
Let y(n) = -2*n**3 - 20*n**2 + 5*n - 6. What is y(-9)?
-213
Let o(n) = -126*n**2 + 43*n - 89. What is o(2)?
-507
Let x(q) = -1412*q + 12794. Calculate x(9).
86
Let o(l) = 34*l**2 + 7*l - 2. Determine o(1).
39
Let p(m) = -29*m + 2003. Calculate p(76).
-201
Let t(k) = 3*k**2 + 85*k - 180. Calculate t(2).
2
Let c(o) = 3*o**3 - 53*o + 35. Calculate c(4).
15
Let g(o) = -38*o - 646. Give g(-17).
0
Let m(x) = -264*x + 8270. Give m(31).
86
Let c(k) = 131*k - 6581. What is c(50)?
-31
Let b(z) = z**3 + 33*z**2 + z + 61. Give b(-33).
28
Let m(c) = -c**3 - 153*c**2 - 140*c + 1813. Determine m(-152).
-11
Let b(c) = c**2 + 12*c + 38. Determine b(-9).
11
Let o(n) = -13*n**2 - 36*n + 49. Determine o(1).
0
Let y(p) = -3*p**2 + 24*p + 86. Give y(-4).
-58
Let j(y) = y**3 - 9*y**2 - 194*y - 22. What is j(-10)?
18
Let o(c) = c**2 + 14*c - 326. Determine o(-26).
-14
Let s(z) = 75*z + 2612. Calculate s(-35).
-13
Let s(r) = -52*r + 343. What is s(10)?
-177
Let d(o) = -o**2 + 25*o + 118. What is d(-5)?
-32
Let p(f) = -f**2 - 51*f - 639. What is 